es 18 divide 461178?
True
Is 8 a factor of 2840?
True
Is 124 a factor of 40065?
False
Is 259507 a multiple of 53?
False
Is 7112157 a multiple of 39?
True
Does 12 divide 2498088?
True
Is 216 a factor of 752305?
False
Does 96 divide 397056?
True
Is 121 a factor of 106140?
False
Is 3355121 a multiple of 918?
False
Is 293076 a multiple of 42?
True
Does 12 divide 2104?
False
Does 9 divide 79650?
True
Is 438 a factor of 178641?
False
Does 620 divide 9201767?
False
Is 189256 a multiple of 8?
True
Does 19 divide 1235?
True
Does 365 divide 7104437?
False
Is 32900806 a multiple of 12?
False
Is 983718 a multiple of 19?
False
Does 6 divide 845?
False
Does 101 divide 538431?
True
Does 380 divide 1094195?
False
Is 11 a factor of 1340328?
True
Is 377 a factor of 22496?
False
Is 29 a factor of 3750657?
True
Does 366 divide 120838?
False
Does 5 divide 19221?
False
Is 665006 a multiple of 75?
False
Is 51 a factor of 266333?
False
Is 173877 a multiple of 83?
False
Is 552500 a multiple of 20?
True
Does 8 divide 413128?
True
Does 314 divide 603524?
False
Does 44 divide 104309?
False
Is 1569109 a multiple of 443?
False
Does 29 divide 349697?
False
Is 42 a factor of 4247082?
True
Is 2870211 a multiple of 90?
False
Does 11 divide 298025?
False
Is 10941 a multiple of 39?
False
Is 7 a factor of 19621?
True
Is 1024470 a multiple of 90?
True
Is 917094 a multiple of 496?
False
Is 185306 a multiple of 22?
True
Does 105 divide 4349176?
False
Does 25 divide 58273?
False
Does 572 divide 3509792?
True
Is 141777 a multiple of 49?
False
Is 814 a factor of 829095?
False
Does 19 divide 1904427?
True
Does 59 divide 18035?
False
Is 158 a factor of 295776?
True
Does 2 divide 285096?
True
Is 30 a factor of 149362?
False
Does 12 divide 59628?
True
Is 145 a factor of 1972709?
False
Is 48 a factor of 160176?
True
Is 1170400 a multiple of 47?
False
Does 14 divide 1122660?
True
Is 17 a factor of 79296?
False
Does 17 divide 292043?
True
Does 30 divide 257306?
False
Is 683 a factor of 2062660?
True
Is 733 a factor of 631593?
False
Is 109990 a multiple of 10?
True
Is 486948 a multiple of 7?
True
Is 16117 a multiple of 14?
False
Does 12 divide 2397504?
True
Does 101 divide 43608?
False
Is 1285 a factor of 23690180?
False
Is 228 a factor of 35340?
True
Is 2442526 a multiple of 38?
True
Does 12 divide 8664?
True
Is 30 a factor of 742680?
True
Is 32 a factor of 131364?
False
Does 17 divide 397596?
True
Is 8518978 a multiple of 599?
True
Is 25801 a multiple of 7?
False
Is 47680 a multiple of 16?
True
Is 2 a factor of 1245326?
True
Is 1032980 a multiple of 29?
True
Does 8 divide 1167552?
True
Is 451062 a multiple of 6?
True
Is 36 a factor of 594372?
False
Does 16 divide 191760?
True
Does 80 divide 2455840?
True
Is 147645 a multiple of 17?
True
Is 2457575 a multiple of 25?
True
Does 15 divide 1127235?
True
Is 46 a factor of 1041?
False
Is 16 a factor of 32973054?
False
Is 5 a factor of 1534363?
False
Does 35 divide 552923?
False
Is 2004216 a multiple of 116?
False
Is 1482 a factor of 20788172?
False
Is 24 a factor of 89976?
True
Is 2355183 a multiple of 792?
False
Is 436 a factor of 292384?
False
Is 37 a factor of 719280?
True
Does 85 divide 10268935?
True
Does 3 divide 38842?
False
Is 477 a factor of 8060692?
False
Is 26208255 a multiple of 73?
False
Does 2 divide 128736?
True
Is 211 a factor of 125222?
False
Does 1184 divide 4272135?
False
Is 2163309 a multiple of 417?
False
Does 40 divide 177880?
True
Is 574 a factor of 2459439?
False
Does 7 divide 1536101?
True
Is 18956057 a multiple of 360?
False
Is 39 a factor of 312000?
True
Is 13 a factor of 308139?
True
Does 121 divide 8209?
False
Is 2134440 a multiple of 245?
True
Is 1096606 a multiple of 82?
False
Is 133 a factor of 82419?
False
Is 387707 a multiple of 46?
False
Is 359604 a multiple of 14?
True
Is 1073 a factor of 7205195?
True
Does 1031 divide 2370910?
False
Is 143 a factor of 138710?
True
Is 92 a factor of 627256?
True
Is 1006298 a multiple of 23?
False
Is 4631688 a multiple of 158?
False
Does 11 divide 13322868?
False
Is 50280 a multiple of 76?
False
Is 259 a factor of 3346675?
False
Is 263053 a multiple of 22?
False
Is 574986 a multiple of 52?
False
Does 34 divide 2627248?
True
Does 36 divide 12023?
False
Is 4908978 a multiple of 117?
False
Does 17 divide 17633025?
False
Is 7128521 a multiple of 853?
True
Is 18 a factor of 154995?
False
Is 2692395 a multiple of 57?
True
Is 248 a factor of 523260?
False
Is 86 a factor of 163142?
True
Is 47 a factor of 1342061?
False
Does 223 divide 557525?
False
Is 596310 a multiple of 130?
True
Does 28 divide 233917?
False
Does 119 divide 461125?
True
Is 120 a factor of 10931219?
False
Is 5734950 a multiple of 51?
True
Does 211 divide 3269656?
True
Is 741 a factor of 5599497?
False
Is 2 a factor of 26114?
True
Does 7 divide 2866971?
False
Is 159 a factor of 33507819?
True
Does 45 divide 1049310?
True
Is 38 a factor of 90163?
False
Does 115 divide 43010?
True
Is 63441 a multiple of 13?
False
Does 80 divide 2271648?
False
Does 279 divide 27796?
False
Is 13 a factor of 1279915?
True
Is 12977 a multiple of 19?
True
Does 14 divide 5539380?
True
Does 34 divide 55522?
True
Is 154 a factor of 125664?
True
Is 758 a factor of 6235287?
False
Is 22 a factor of 177254?
True
Does 1491 divide 3244587?
False
Is 13 a factor of 19162?
True
Is 151 a factor of 360710?
False
Does 123 divide 120663?
True
Is 781954 a multiple of 46?
True
Is 586932 a multiple of 120?
False
Is 99585 a multiple of 8?
False
Does 28 divide 568456?
True
Does 459 divide 6241941?
True
Is 163 a factor of 377104?
False
Does 89 divide 1055408?
False
Is 33 a factor of 127446?
True
Does 208 divide 10010748?
False
Is 88 a factor of 1246248?
False
Does 48 divide 1465?
False
Is 234084 a multiple of 33?
False
Is 48696 a multiple of 5?
False
Is 42 a factor of 9124164?
True
Does 70 divide 1070720?
True
Does 181 divide 51404?
True
Is 641 a factor of 365066?
False
Does 179 divide 1298778?
False
Does 140 divide 1142964?
False
Is 9895588 a multiple of 20?
False
Does 11 divide 211761?
True
Is 1518540 a multiple of 10?
True
Is 251 a factor of 287646?
True
Is 15452628 a multiple of 2062?
True
Does 115 divide 708265?
False
Is 47 a factor of 160490?
False
Does 223 divide 192003?
True
Is 22935 a multiple of 36?
False
Is 134 a factor of 382972?
True
Is 11 a factor of 691803?
False
Is 542992 a multiple of 16?
True
Is 2312640 a multiple of 96?
True
Is 4674510 a multiple of 398?
True
Does 37 divide 164576?
True
Is 81518 a multiple of 38?
False
Is 3 a factor of 35810?
False
Is 8 a factor of 1288448?
True
Is 13 a factor of 47707?
False
Does 206 divide 1302736?
False
Is 364770 a multiple of 63?
True
Does 186 divide 923118?
True
Does 118 divide 108559?
False
Is 281961 a multiple of 73?
False
Is 40 a factor of 488040?
True
Is 8 a factor of 5961950?
False
Is 7 a factor of 167029?
False
Is 239936 a multiple of 5?
False
Is 6 a factor of 98794?
False
Does 121 divide 4759854?
False
Is 4712 a multiple of 31?
True
Is 553 a factor of 154287?
True
Does 17 divide 683735?
False
Is 497674 a multiple of 698?
True
Is 1317699 a multiple of 9?
True
Does 25 divide 109884?
False
Does 17 divide 2335681?
True
Does 16 divide 302688?
True
Is 534841 a multiple of 40?
False
Does 269 divide 152205?
False
Is 63180 a multiple of 15?
True
Does 39 divide 407311?
False
Is 1231 a factor of 4442690?
False
Does 77 divide 1023559?
False
Does 107 divide 171307?
True
Does 3 divide 35215?
False
Is 506 a factor of 556972?
False
Does 41 divide 1083244?
False
Does 173 divide 2252899?
False
Is 680 a factor of 170000?
True
Does 48 divide 293347?
False
Is 692172 a multiple of 261?
True
Does 21 divide 20139?
True
Is 28 a factor of 168746?
False
Does 196 divide 3642660?
True
Is 1440 a factor of 16249678?
False
Does 213 divide 2355567?
True
Is 56479 a multiple of 45?
False
Is 261088 a multiple of 38?
False
Is 1319 a factor of 1287609?
False
Does 565 divide 1255499?
False
Does 78 divide 116376?
True
Is 978 a multiple of 26?
False
Does 720 divide 10966521?
False
Is 11 a factor of 107811?
True
Does 526 divide 448718?
False
Is 57484 a multiple of 38?
False
Does 33 divide 186861?
False
Is 58 a factor of 164836?
True
Is 7401076 a multiple of 76?
False
Is 85978 a multiple of 155?
False
Is 334 a factor of 1345018?
True
Is 617